- 84. What is i(-39)?
-6
Let l(q) = q**2 - q - 11. What is l(-5)?
19
Let v(x) = -15*x**2 - 331*x - 20. Calculate v(-22).
2
Let p(d) = -3*d**2 - 18*d - 16. What is p(-7)?
-37
Let s(v) = -11*v + 53. Determine s(4).
9
Let d(h) = 2*h**3 - 11*h**2 - 8*h + 9. Determine d(5).
-56
Let r(p) = 5*p - 8. What is r(1)?
-3
Let v(a) = 6*a**2 - 93*a - 55. Determine v(16).
-7
Let u(n) = 3*n**3 - 3*n**2 + 5*n - 5. What is u(2)?
17
Let l(o) = 8*o - 1. Determine l(-2).
-17
Let z(s) = 2*s - 45. Calculate z(22).
-1
Let o(f) = -3*f - 62. Determine o(-23).
7
Let m(s) = -23*s - 19. What is m(3)?
-88
Let f(y) = y**2 + 2*y + 5. What is f(-7)?
40
Let x(f) = -f**3 + 11*f**2 + 24*f + 20. Give x(13).
-6
Let u(n) = -4*n + 18. Give u(7).
-10
Let i(u) = -3*u - 97. What is i(-35)?
8
Let b(p) = 11*p**2 - 29*p + 1. Calculate b(3).
13
Let a(d) = d**2 - 15*d - 37. What is a(17)?
-3
Let q(v) = -v**3 - 9*v**2 - 9*v - 7. Determine q(-8).
1
Let j(z) = -4*z**3 - 2*z**2 - 3*z. Calculate j(-2).
30
Let v(s) = -s**3 - 5*s**2 + 9*s. What is v(-7)?
35
Let c(s) = -3*s**3 - 3*s**2 - s + 1. Determine c(-1).
2
Let n(j) = j**3 - 22*j**2 + 17*j - 20. What is n(21)?
-104
Let j(v) = -15*v**3 - v**2. Give j(1).
-16
Let h(d) = d**2 + 40*d - 973. What is h(-57)?
-4
Let k(d) = -4*d + 9. Determine k(6).
-15
Let v(j) = -j**2 - 10*j - 12. Give v(-7).
9
Let h(a) = a**3 + 2*a**2 - 2*a - 1. Give h(-2).
3
Let q(a) = a**2 - 5*a - 2. Give q(4).
-6
Let h(m) = -30*m + 7. What is h(3)?
-83
Let z(b) = b**2 + b - 1. What is z(2)?
5
Let f(c) = -c**2 + 3*c + 2. Determine f(5).
-8
Let w(h) = h**2 - 26*h + 75. Give w(22).
-13
Let a(t) = t**3 + 6*t**2 + 24*t + 66. Calculate a(-4).
2
Let u(j) = -j**2 - 9*j + 11. Determine u(-10).
1
Let n(u) = -u + 7. Calculate n(-4).
11
Let n(l) = 3*l. Give n(3).
9
Let h(y) = -2*y - 21. Determine h(4).
-29
Let i(z) = -z**2 + 11*z - 27. Determine i(6).
3
Let c(r) = r**3 - 12*r**2 + 118. Give c(11).
-3
Let d(o) = -o**3 - 29*o**2 + o + 36. What is d(-29)?
7
Let v(n) = -2*n + 9. What is v(0)?
9
Let x(l) = 106*l - 1. Determine x(-1).
-107
Let v(r) = -2*r - 7. Determine v(4).
-15
Let x(j) = -2*j**2 + 5*j + 6. Determine x(4).
-6
Let p(i) = -i**3 + 2*i**2 - 29*i + 61. Calculate p(2).
3
Let p(x) = 3*x**3 - x**2 - 4*x - 3. What is p(-1)?
-3
Let t(a) = -3*a - 15. Calculate t(-7).
6
Let i(b) = b**3 - 11*b**2 - 13*b + 26. Give i(12).
14
Let l(w) = 3*w - 28. What is l(7)?
-7
Let j(v) = 8*v - 1. Determine j(-1).
-9
Let b(x) = x**2 - 4*x. Calculate b(4).
0
Let r(j) = j**2 - 20*j + 22. Determine r(19).
3
Let m(j) = -5*j + 82. Give m(14).
12
Let v(m) = m**2 - 2*m - 4. What is v(-4)?
20
Let r(w) = -3*w - 3. Determine r(-1).
0
Let f(v) = -v**3 + 13*v**2 + 9*v + 80. Give f(14).
10
Let c(n) = n**3 + 3*n - 5. Determine c(2).
9
Let k(q) = -q**3 + 7*q**2 + 5*q - 17. Give k(7).
18
Let z(j) = -12*j - 3. Give z(-5).
57
Let o(z) = -6*z - 1. Determine o(6).
-37
Let x(s) = s**3 + 5*s**2 - 6. Determine x(-6).
-42
Let d(t) = 12*t**2 - t. What is d(-1)?
13
Let f(l) = 5*l + 3. What is f(-5)?
-22
Let k(f) = 3*f - 1. Give k(-2).
-7
Let o(k) = -k**2 - 18*k - 16. Calculate o(-15).
29
Let p(o) = o - 5. Determine p(5).
0
Let x(z) = -z**2 + 35*z. Calculate x(0).
0
Let x(j) = j + 12. Determine x(-6).
6
Let g(q) = q**3 - 21*q**2 - 2*q - 16. Determine g(21).
-58
Let o(p) = -p**2 + 8*p + 95. Give o(14).
11
Let i(g) = -g**2 + 7*g + 9. Give i(-2).
-9
Let i(s) = -19*s - 213. Calculate i(-10).
-23
Let y(q) = -6*q - 17. What is y(5)?
-47
Let z(h) = h**3 + 2*h**2 - 2*h. Calculate z(-3).
-3
Let a(j) = j**2 + 11*j + 11. Give a(-10).
1
Let p(g) = -14*g**2 - g + 1. Give p(0).
1
Let w(p) = -8*p + 109. Calculate w(11).
21
Let h(m) = -2*m**3 - m**2 + 19*m + 20. Calculate h(-1).
2
Let z(g) = 4*g - 1. Give z(-2).
-9
Let g(n) = -n**2 + 2*n - 1. Calculate g(3).
-4
Let r(d) = 3*d**2 + 2*d - 1. What is r(4)?
55
Let x(m) = -m**3 - 12*m**2. What is x(-12)?
0
Let k(u) = u + 8. Determine k(14).
22
Let a(y) = y**3 + 7*y**2 - y - 14. What is a(-8)?
-70
Let s(i) = -3*i**3 - 61*i**2 - 22*i - 25. Calculate s(-20).
15
Let z(f) = f**3 + 13*f**2 + 28*f - 25. Calculate z(-10).
-5
Let t(a) = a**2 - 2*a - 15. Give t(7).
20
Let c(r) = -4*r**2 - 13*r - 30. Calculate c(-4).
-42
Let o(a) = -a**3 - 8*a**2 - 4*a - 15. Give o(-8).
17
Let q(n) = 117*n - 111. Calculate q(1).
6
Let d(r) = -r**2 + 6*r - 10. Calculate d(4).
-2
Let z(m) = -m**2 - 6*m - 10. Determine z(-5).
-5
Let z(i) = i**3 + 32*i**2 + 34*i + 74. What is z(-31)?
-19
Let g(r) = r**2 + 2*r - 13. What is g(0)?
-13
Let l(m) = -m**2 - m - 2. What is l(-4)?
-14
Let t(h) = 4*h + 84. Give t(-21).
0
Let m(f) = -7*f + 17. What is m(5)?
-18
Let q(o) = -o**3 + 5*o**2 + 37*o + 126. Calculate q(10).
-4
Let a(s) = s**2 - 9*s + 2. Give a(10).
12
Let n(o) = o - 14. Give n(-11).
-25
Let d(w) = w**3 + 16*w**2 + 15*w - 3. What is d(-15)?
-3
Let i(g) = -6*g**3 + 3*g - 3. What is i(1)?
-6
Let x(h) = -h**2 - 6*h + 3. Calculate x(-9).
-24
Let y(u) = -u + 10. Calculate y(-6).
16
Let b(p) = p**3 - 15*p**2 - 100*p + 18. Calculate b(20).
18
Let l(f) = 2*f**2 - 3*f - 3. What is l(5)?
32
Let t(i) = -13*i - 12. Determine t(-7).
79
Let k(n) = n**2 + 9*n + 22. Give k(-5).
2
Let w(u) = -13*u + 117. Determine w(0).
117
Let n(q) = -32*q + 276. Calculate n(9).
-12
Let x(p) = -p**3 - 21*p**2 - 20*p + 4. Calculate x(-20).
4
Let r(x) = -2*x**3 - 4*x**2 + x. What is r(-3)?
15
Let b(p) = -23*p. What is b(1)?
-23
Let s(d) = -6*d - 3. Give s(-2).
9
Let r(g) = g**2 - 29*g + 133. What is r(17)?
-71
Let k(j) = -4*j**2 + 42*j + 33. Calculate k(11).
11
Let r(w) = 2*w**2 - 3*w - 3. Determine r(3).
6
Let v(t) = -2*t - 14. Give v(-8).
2
Let o(y) = -4*y - 6. What is o(-8)?
26
Let k(y) = 2*y + 13. Determine k(-6).
1
Let k(b) = -b**2 + 14*b + 9. Determine k(13).
22
Let i(g) = g**3 - 2*g**2 - 6*g - 7. Calculate i(4).
1
Let p(m) = -3*m**2 + 20*m + 23. Calculate p(10).
-77
Let n(a) = -a**2 + 14*a - 6. Determine n(11).
27
Let n(p) = -p**2 - 3*p + 2. Determine n(-3).
2
Let s(q) = -31*q - 126. Determine s(-4).
-2
Let t(m) = m**2 + 34*m + 172. What is t(-6)?
4
Let w(i) = -5*i**2 - 47*i - 11. Determine w(-9).
7
Let w(x) = 2*x**2 - 10*x + 5. Calculate w(6).
17
Let w(g) = -g**3 - 9*g**2 - 7*g + 9. Give w(-8).
1
Let y(d) = 2*d**2 - 3*d - 3. Determine y(-2).
11
Let c(t) = t. Calculate c(-1).
-1
Let c(j) = 14*j + 3. What is c(6)?
87
Let q(y) = 2*y - 60. Give q(33).
6
Let a(q) = 8*q**2 + q - 4. What is a(-3)?
65
Let z(g) = g**3 + 2*g**2 - 9*g + 1. What is z(-4)?
5
Let x(z) = z**3 + 5*z**2 + 2*z + 6. What is x(-5)?
-4
Let o(p) = 27*p - 10. What is o(2)?
44
Let f(z) = 7*z + 253. Calculate f(-36).
1
Let i(p) = p**2 + 9*p + 22. Give i(-7).
8
Let a(u) = -u**3 - 7*u**2 - 3*u + 14. What is a(-6)?
-4
Let a(n) = n**2 + 31*n + 177. Calculate a(-6).
27
Let n(u) = -u**3 - 7*u**2 - 4*u + 3. Determine n(-6).
-9
Let i(m) = 2*m**3 - 11*m - 4. Determine i(-3).
-25
Let f(k) = -26*k**2 + k. What is f(-1)?
-27
Let r(s) = 15*s + 56. What is r(-4)?
-4
Let u(q) = q**3 - 8*q**2 + 5*q + 2. Give u(7).
-12
Let o(k) = -2*k**3 + 34*k**2 + 39*k - 49. Determine o(18).
5
Let l(k) = -2*k**2 + 24*k - 3. Calculate l(12).
-3
Let m(p) = -p**2 + 4*p - 3. What is m(0)?
-3
Let g(a) = a**2 - 23. Give g(-4).
-7
Let j(c) = c**3 - 8*c**2 - 4*c + 21. Give j(8).
-11
Let l(v) = -2*v**3 + 8*v**2 - 18*v + 6. Give l(3).
-30
Let f(a) = -7*a - 22. Calculate f(-4).
6
Let c(l) = -l**3 - 4*l**2 + 2*l. Determine c(-5).
15
Let v(i) = -i**3 + 15*i**2 - 8. Determine v(15).
-8
Let x(l) = -15*l + 50. What is x(4)?
-10
Let b(g) = 36*g - 181. What is b(5)?
-1
Let r(j) = 2*j - 16. Give r(12).
8
Let u(z) = 2*z**2 + 14*z + 7. Calculate u(-5).
-13
Let u(m) = -m**2 - 14*m + 2. What is u(-13)?
15
Let h(c) = 4*c + 6. Calculate h(-4).
-10
Let a(j) = -3*j**2 + 8*j - 15. Give a(7).
-106
Let b(d) = d**2 - 15*d + 29. Calculate b(12).
-7
Let d(q) = -2*q**2 + 17*q - 46. Determine d(4).
-10
Let i(z) = -z**3 + 6*z**2 + z - 8. Give i(6).
-2
Let f(y) = y - 21. Give f(10).
-11
Let j(k) = -k - 7. Determine j(-8).
1
Let m(j) = 5*j**2 + 12*j - 3. Give m(-4).
29
Let h(m) = m**3 + 8*m**2 + 12*m - 6. Give h(-6).
-6
Let q(t) = 2*t**3 + 5*t**2 - 5. What is q(-3)?
-14
Let o(x) = -13*x**3 + x**2 + 3*x - 3. Calculate o(1).
-12
Let x(n) = n**2 - 2*n - 1. What is x(0)?
-1
Let p(a) = 2*a - 16. Give p(13).
10
Let h(k) = -k**2 + 27*k + 33. What is h(28)?
5
Let m(v) = 2*v +